62117232?
False
Is 1100282413 a multiple of 3846?
False
Is 313841886 a multiple of 58?
True
Does 3232 divide 176271124?
False
Is 470 a factor of 12148560?
True
Is 107030600 a multiple of 62?
True
Is 2765073108 a multiple of 77?
False
Is 460 a factor of 50268340?
True
Is 253295497 a multiple of 401?
False
Is 313 a factor of 1304001820?
True
Does 537 divide 214414971?
True
Is 988 a factor of 72821528?
True
Does 44 divide 76372868?
True
Is 6 a factor of 23597242?
False
Is 2410339786 a multiple of 1276?
False
Is 121565825 a multiple of 29?
True
Is 67 a factor of 792351782?
True
Is 8958788 a multiple of 2?
True
Is 302410932 a multiple of 402?
True
Does 105 divide 3040372020?
True
Is 5822960197 a multiple of 4565?
False
Is 121802367 a multiple of 5279?
True
Is 1341708 a multiple of 204?
True
Is 1027804750 a multiple of 350?
True
Does 27 divide 1371806873?
False
Does 1847 divide 360083732?
True
Does 125 divide 1108361875?
True
Does 15 divide 1133614918?
False
Is 539755526 a multiple of 7104?
False
Is 1307443599 a multiple of 5049?
True
Does 691 divide 34028295?
True
Is 256624987 a multiple of 3?
False
Does 105 divide 85980195?
True
Does 26 divide 3455073?
False
Does 57 divide 174836425?
False
Does 617 divide 591378954?
False
Is 82 a factor of 20765516?
True
Is 6099389362 a multiple of 426?
False
Does 251 divide 417244830?
True
Does 34 divide 916915298?
True
Is 187323 a multiple of 15?
False
Does 6546 divide 3436488037?
False
Is 2186629122 a multiple of 324?
False
Does 57 divide 100412511?
True
Is 30435315 a multiple of 55?
False
Is 315410882 a multiple of 76?
False
Does 822 divide 24855636?
True
Does 2023 divide 45956415?
False
Is 13 a factor of 1749423?
True
Is 2395404465 a multiple of 15?
True
Is 37 a factor of 606567951?
False
Is 2671 a factor of 99938136?
True
Is 34203503 a multiple of 2455?
False
Is 1952 a factor of 782480400?
False
Is 21 a factor of 1817125884?
True
Is 11080370 a multiple of 70?
True
Is 105723832 a multiple of 8?
True
Does 219 divide 33599418?
True
Does 5538 divide 135072899?
False
Does 163 divide 14948567?
True
Is 638 a factor of 126949240?
True
Is 1233187595 a multiple of 67?
True
Is 26 a factor of 1325342376?
False
Does 69 divide 113196225?
True
Does 1596 divide 7932944?
False
Does 148 divide 5627905720?
True
Does 158 divide 17104764?
True
Is 297 a factor of 18879993?
True
Is 420809699 a multiple of 463?
False
Is 68 a factor of 53104736?
True
Is 3723 a factor of 160714464?
True
Is 25651728 a multiple of 67?
False
Is 271 a factor of 3463109?
True
Is 796606469 a multiple of 5423?
False
Is 493 a factor of 626778508?
True
Is 90127580 a multiple of 20?
True
Does 28 divide 83272?
True
Is 532022212 a multiple of 41?
False
Does 30 divide 51570420?
True
Does 5842 divide 644822434?
True
Is 23829278 a multiple of 11?
True
Does 10 divide 226448880?
True
Does 5800 divide 933927600?
True
Is 362 a factor of 256348852?
True
Does 438 divide 5145566?
False
Does 12 divide 3887438148?
True
Does 2306 divide 36171916?
True
Is 88124040 a multiple of 1160?
True
Is 232 a factor of 54549928?
True
Is 633 a factor of 403853469?
False
Is 35360130 a multiple of 71?
True
Is 601 a factor of 320650280?
False
Does 72 divide 24500664?
True
Is 7701400080 a multiple of 1320?
True
Does 354 divide 104045202?
True
Is 2071314 a multiple of 63?
True
Does 79 divide 268743859?
True
Is 28 a factor of 44366420?
True
Is 110 a factor of 334187150?
True
Is 1088111342 a multiple of 13?
False
Is 8221 a factor of 646351462?
True
Does 13 divide 126707867?
True
Is 12 a factor of 20324772?
True
Does 1148 divide 1027768564?
False
Is 372 a factor of 171010260?
True
Is 231 a factor of 18819102?
False
Is 326233600 a multiple of 448?
True
Is 71369380 a multiple of 10?
True
Is 48318180 a multiple of 1601?
True
Is 1503 a factor of 6211899?
True
Is 2499 a factor of 95374335?
True
Does 13 divide 5465795733?
False
Is 1369 a factor of 49990100?
False
Is 281 a factor of 31833366?
True
Is 106720666 a multiple of 586?
False
Is 4042 a factor of 132049221?
False
Is 454325328 a multiple of 3816?
True
Does 41 divide 1415046002?
False
Is 1117318050 a multiple of 18?
True
Is 4648 a factor of 907442771?
False
Does 7674 divide 828067921?
False
Does 119 divide 92010811?
False
Does 6997 divide 575118552?
False
Is 16 a factor of 93546908?
False
Is 18029339 a multiple of 1479?
False
Does 299 divide 12253127?
False
Is 795 a factor of 36881777?
False
Is 49680496 a multiple of 2672?
True
Does 57 divide 72193521?
True
Is 39 a factor of 1359243?
False
Does 51 divide 137389987?
False
Is 11 a factor of 3392634467?
False
Is 2925575 a multiple of 29?
False
Is 2655344469 a multiple of 201?
True
Is 158731510 a multiple of 367?
False
Does 485 divide 15017385?
False
Is 546 a factor of 35379504?
False
Is 9429696 a multiple of 96?
True
Is 337463695 a multiple of 1415?
False
Is 8838 a factor of 625703886?
True
Is 953858550 a multiple of 230?
False
Is 43660092 a multiple of 29?
False
Is 1796 a factor of 52495642?
False
Does 7 divide 103286358?
True
Is 63 a factor of 168418782?
True
Is 138 a factor of 1201138673?
False
Does 31 divide 348460221?
False
Is 68355717 a multiple of 17?
False
Does 26 divide 831732096?
True
Is 67197931 a multiple of 72?
False
Is 53992408 a multiple of 41?
True
Is 1665033756 a multiple of 127?
False
Is 20 a factor of 604744400?
True
Does 42 divide 20659628?
False
Is 814386734 a multiple of 238?
True
Does 1931 divide 12866253?
True
Is 1912 a factor of 1582480184?
True
Is 131102774 a multiple of 38?
True
Is 111227627 a multiple of 43?
True
Is 662 a factor of 98860556?
False
Does 285 divide 203865418?
False
Is 741 a factor of 27066699?
False
Does 56 divide 352215248?
True
Is 104 a factor of 811452408?
True
Is 431 a factor of 5084467?
False
Is 986896170 a multiple of 65?
True
Does 24 divide 20672928?
True
Is 106 a factor of 4121701?
False
Does 10007 divide 1378804488?
True
Does 6 divide 29740588?
False
Does 244 divide 1879943128?
False
Is 110254234 a multiple of 859?
False
Does 217 divide 10928988?
True
Is 1595 a factor of 61811240?
False
Is 13 a factor of 1718848069?
False
Does 74 divide 5363777?
False
Is 18 a factor of 258429924?
True
Does 387 divide 1099621258?
False
Is 44495154 a multiple of 211?
False
Does 5173 divide 421915053?
True
Does 13 divide 52718895?
False
Does 845 divide 1837362825?
False
Does 91 divide 352027858?
True
Is 739915823 a multiple of 4?
False
Is 4 a factor of 982947?
False
Is 4968 a factor of 235498104?
True
Is 60 a factor of 39154977?
False
Is 3354074843 a multiple of 53?
True
Is 284246360 a multiple of 40?
True
Does 46 divide 10540716?
True
Is 49 a factor of 31575253?
False
Is 10826837 a multiple of 1268?
False
Does 10 divide 101972542?
False
Is 18307564 a multiple of 671?
True
Does 23 divide 85040269?
True
Is 1309086035 a multiple of 5662?
False
Does 124 divide 1227482243?
False
Is 20 a factor of 4703380?
True
Is 88579662 a multiple of 38?
False
Does 427 divide 146763397?
False
Does 349 divide 83955091?
True
Is 1234 a factor of 2034616669?
False
Is 1257 a factor of 206027328?
True
Is 515390650 even?
True
Does 7350 divide 5725841100?
True
Is 6534973 even?
False
Does 391 divide 3888886?
True
Is 331067883 a multiple of 14?
False
Is 606 a factor of 1411540902?
False
Is 110 a factor of 900787531?
False
Is 333 a factor of 25798176?
True
Is 362 a factor of 3718701834?
True
Is 206566791 a multiple of 7?
False
Is 411052930 a multiple of 1382?
False
Is 68 a factor of 213303967?
False
Does 265 divide 25349900?
True
Is 31015274 a multiple of 15?
False
Does 1401 divide 96864474?
False
Does 3 divide 7689239?
False
Is 62532091 a multiple of 220?
False
Is 104166289 a multiple of 3683?
True
Is 1587307 a multiple of 4?
False
Does 53 divide 598567637?
True
Does 62 divide 4953364450?
True
Is 1337 a factor of 17815060?
False
Is 374947392 a multiple of 106?
False
Does 14 divide 1142086540?
True
Is 84 a factor of 5351649?
False
Is 343 a factor of 22359484?
True
Is 88755758 a multiple of 35?
False
Is 143915359 a multiple of 2439?
False
Is 11 a factor of 920711462?
True
Is 879 a factor of 162354966?
False
Is 74607976 a multiple of 1983?
False
Does 314 divide 231590700?
True
Does 12 divide 785766630?
False
Is 151680576 a multiple of 12?
True
Does 693 divide 18190557?
True
Does 15 divide 595235